8/(6*5/200). Calculate the highest common divisor of d and 195.
65
Let q(t) = 5*t - 25. Let n be q(-13). Let c = n - -181. Calculate the highest common divisor of 26 and c.
13
Let g be 23/(-3)*(-20 - -17). What is the greatest common divisor of g and 2070?
23
Let s be 2/(2*3/75). Suppose -3*u + 51 = p, u + 106 - s = 2*p. Suppose 3*o = -5*w + 241, -o - 61 = -2*w + p. What is the highest common factor of w and 10?
10
Let j be 6/(-8)*(-23 + -1). Let x = 245 + -239. Calculate the highest common divisor of x and j.
6
Let i(u) = -u**3 - 21*u**2 + 43*u - 58. Let x be i(-23). Calculate the greatest common divisor of 1045 and x.
11
Let s = -427 - -230. Let a = -99 - s. Suppose 2*r - 4*r = 4*c - 26, -a = -5*r + c. What is the greatest common factor of r and 209?
19
Let f(z) be the third derivative of 11/24*z**4 + 0*z + 2*z**3 + 0 + 1/60*z**5 + 4*z**2. Let t be f(-10). Calculate the greatest common divisor of 1 and t.
1
Let w(r) = r**3 + 21*r**2 - 52*r - 136. Let k be w(-23). Let h be 2/6 - 5/(-3). What is the greatest common factor of h and k?
2
Let f(l) = 19*l + 5 - 15*l + 8*l. Let x be f(-3). Let q = 36 + x. What is the greatest common divisor of 15 and q?
5
Suppose -2*w - 3*y = -103, w - 4*y - 44 = -8*y. Let f be 43*2 - (5 + -3). Calculate the greatest common factor of w and f.
28
Let d = -29 + 39. Suppose 4*n - 5 = 3. Suppose -d - n = -p. Calculate the highest common divisor of p and 108.
12
Let j = 1064 + 2184. What is the greatest common factor of 8 and j?
8
Let v = 9 - 3. Suppose -5*d = -z - v - 6, -14 = -3*z + 5*d. What is the highest common divisor of 26 and z?
13
Let b = 2787 + -1955. Calculate the highest common divisor of b and 520.
104
Let q = 62 - 10. Let f = q + -50. Calculate the greatest common factor of f and 4.
2
Let t be ((-1)/(-1))/(-4 + 156/40). Let j be (2/t)/(2/6)*-25. What is the greatest common factor of 60 and j?
15
Suppose -9 = -2*f - 13, -5*f + 5 = 3*u. Calculate the highest common factor of u and 25.
5
Let v be 342/10 - (-8)/10. Suppose 2*r - v = -3*c - 0*c, 0 = 2*c - 4*r - 50. Calculate the greatest common divisor of 120 and c.
15
Let r(v) = v**3 - 5*v**2 + 9*v - 3. Let y be r(4). Let q = y + -6. Let d = -2 + 3. What is the highest common divisor of q and d?
1
Let f(b) = b**2 - b + 6. Let k be f(-4). Let x(c) = 22*c + 2. Let u be x(7). Calculate the greatest common divisor of u and k.
26
Let c(k) = -k - 13. Let g be c(-19). Let x be (12/9)/((-4)/g). Let m be (x - (-3)/3) + 3. What is the greatest common divisor of m and 8?
2
Suppose -3*d = -0*d - 450. Suppose -3*f + r + 692 = 0, -540 - d = -3*f + 3*r. Calculate the highest common divisor of f and 33.
33
Let g be 7/(-21) - 58/6. Let n(o) = -o**3 - 10*o**2 - 3*o + 2. Let b be n(g). What is the greatest common factor of b and 16?
16
Let m = -366 + 396. What is the greatest common divisor of m and 135?
15
Let b be (-86)/(-6) - (-4)/6. Let x = 248 - 173. What is the highest common divisor of b and x?
15
Let y be (-1 - 2 - 16/(-6))*93. Let c = y + 40. Calculate the highest common factor of c and 36.
9
Suppose 0 = 2*k + l - 7, -4*l + 0*l = k - 7. Suppose -3 = 3*x - 12. Let t be 1/(-3*x/(-81)). What is the highest common divisor of t and k?
3
Suppose -14*j + 5*j + 27 = 0. Suppose j*v + 119 = 4*v - 4*p, 178 = 2*v + 4*p. Calculate the highest common divisor of v and 11.
11
Suppose -16 = -y + 20. Calculate the greatest common factor of 132 and y.
12
Suppose 181 = -8*y + 7*y. Let z = 301 + y. What is the greatest common factor of z and 30?
30
Let p(v) = v**2 - v - 30. Let r be p(9). Let w = -12 + r. Calculate the highest common divisor of 6 and w.
6
Let d = -24 + 26. Suppose -4*l = -6*i + d*i + 24, -20 = 4*l. Calculate the greatest common divisor of 3 and i.
1
Let j(p) = 6*p**3 - p + 5. Let r be j(3). What is the highest common divisor of 41 and r?
41
Let n be (-8)/20 + 194/10. Let m be (1 + 1 - 3) + n. Suppose 5*p - 35 = 100. What is the greatest common factor of m and p?
9
Suppose -5*r = 1 - 11. Let b(m) = -8*m**2 - 3*m + 2. Let c be b(r). Let t = -21 - c. Calculate the highest common factor of t and 60.
15
Let x be -3 - ((1188 + -4)/(-2) - 5). Calculate the highest common factor of x and 44.
22
Suppose 4*g + 55 = a, 2*a + g + 0*g = 65. Let r be 766/5 - (-2 + 77/a). What is the greatest common factor of 17 and r?
17
Suppose 5*j + 23*d - 598 = 22*d, -3*d - 229 = -2*j. What is the greatest common divisor of 14 and j?
7
Let l(w) = w**3 - 9*w**2 + 29*w - 43. Let r be l(6). What is the highest common divisor of 1 and r?
1
Let o = 450 - 338. Let g = -11 + 25. What is the highest common divisor of o and g?
14
Let m = 896 + -786. What is the greatest common divisor of m and 286?
22
Let i = 105 + -175. Let l = i - -81. What is the highest common divisor of l and 55?
11
Let y(l) = 6*l + 21. Let p be y(-3). What is the highest common factor of 501 and p?
3
Suppose 2*j = -2*l - 18, 9 + 6 = 5*j. Let g = 43 + l. Let n = 54 - g. What is the greatest common divisor of n and 23?
23
Suppose -4*u = j - 187, 5*u = 3*j - 2*j - 151. Suppose 0*z - c + j = 3*z, c + 109 = 2*z. Let r be 2*-35*(1 - 3). Calculate the highest common factor of z and r.
28
Suppose -2*g - 4*c = -1124, -3*g = 5*c - 50 - 1635. What is the greatest common divisor of 105 and g?
35
Suppose 0 = 9*c + 12*c - 168. What is the highest common divisor of 160 and c?
8
Let y(p) = p**3 + 46*p**2 + 94*p + 324. Let c be y(-44). What is the highest common factor of 750 and c?
30
Let o = 1060 + -1027. Calculate the highest common divisor of 330 and o.
33
Suppose 2*j - 1482 = -11*j. Let q = -72 + j. Calculate the greatest common factor of q and 28.
14
Let k = -303 - -323. What is the highest common divisor of k and 860?
20
Let y = 14696 - 14465. Let v(t) = -81*t - 1. Let a be v(-1). Let w = -47 + a. What is the highest common divisor of w and y?
33
Suppose 0 = 66*o - 95*o + 3248. Calculate the highest common divisor of o and 308.
28
Suppose -59 = -4*i + 37. Let t = -36 + 52. Calculate the highest common divisor of i and t.
8
Suppose 6 = 3*m, n - 4*n + 2*m = -11. Let o be 2/4 - 218/(-4). Calculate the greatest common divisor of o and n.
5
Suppose 4*m + 6 = f + 268, -4*f = -4*m + 268. What is the highest common divisor of 2210 and m?
65
Let f = -22 - -40. Suppose 93 = 2*w - k + 1, 10 = -5*k. Suppose 0 = y - 2*y + w. What is the greatest common factor of f and y?
9
Suppose -5*i = -109 - 191. What is the highest common factor of 60 and i?
60
Let o(d) = 4*d**2 + 6*d + 3. Let q be o(-3). Let z = 147 - -84. Calculate the highest common factor of z and q.
21
Let v(q) = -5*q + 5. Let j be v(-14). Suppose -21*s = -22*s + 15. Calculate the highest common divisor of j and s.
15
Suppose 2*j = v + 1211, 12*j + v = 7*j + 3045. What is the highest common divisor of 32 and j?
32
Let f = 35 - 59. Let q = -29 - f. Let u = q + 19. Calculate the highest common factor of u and 2.
2
Let m be 404/(-606)*(125/(-20) - 1/(-4)). Let i(l) = -7*l**3 - 2*l**2 + 2*l. Let s be i(-2). What is the greatest common factor of s and m?
4
Suppose -4*y - 616 = -4*o - 0*y, -2*y = 5*o - 742. Calculate the highest common divisor of o and 45.
15
Let z(m) = -m - 2. Let a(t) = -4*t - 5. Let y(r) = -3*a(r) + 8*z(r). Let k be y(3). Calculate the highest common divisor of k and 77.
11
Suppose 0 = 3*n + 4*n - 840. Suppose -n = -5*q - 3*p, 10 = 4*q - 3*p - 113. What is the highest common factor of q and 9?
9
Let o = -564 - -589. What is the greatest common divisor of o and 1325?
25
Let w = -12 + 16. Suppose -w*f + 16 = -12. What is the greatest common factor of f and 35?
7
Let i(f) = -1 - 3*f + 2*f**2 - 5*f - f + 0*f. Let k be i(8). Suppose 6*r - 3*r = 66. What is the greatest common divisor of k and r?
11
Let w = 57 - 26. Let a = -20 + w. Calculate the highest common factor of 110 and a.
11
Let w = -1399 - -1418. Suppose 4*k + t = 224, -2*k + 5*k - 3*t - 183 = 0. What is the highest common divisor of k and w?
19
Let x = 22 - 14. Let l = 18 - 10. Suppose 0 = -5*r + 68 - l. Calculate the greatest common divisor of x and r.
4
Suppose 3*u - 4*u = 2*i + 4, 0 = u - 2. Let v = -5 - i. Let g = v - -7. What is the highest common factor of 25 and g?
5
Suppose -5*k = 2*w - 1703, -2*k + 4*k - 686 = 4*w. What is the greatest common divisor of 11 and k?
11
Let w(y) = y**3 - y**2 - 5*y - 1. Let h be w(3). Let